00222 (base 3) to base 9
328
-1100101111 (base 2) to base 14
-423
-710 (base 9) to base 11
-484
1030011 (base 4) to base 16
1305
What is -688 (base 11) in base 7?
-2253
-66132 (base 7) to base 12
-96a0
-5464 (base 9) to base 12
-23b7
What is -1311231 (base 4) in base 16?
-1d6d
What is -202100222 (base 3) in base 13?
-69b3
What is 2040 (base 8) in base 4?
100200
-100 (base 16) to base 10
-256
Convert -7010 (base 12) to base 2.
-10111101001100
What is -25c0c (base 14) in base 5?
-10433131
Convert -121232 (base 4) to base 13.
-998
Convert 549 (base 16) to base 5.
20403
Convert -110100100111 (base 2) to base 3.
-11121201
Convert -3052 (base 11) to base 16.
-fd2
What is 110100100 (base 2) in base 14?
220
110125 (base 6) to base 14
347b
Convert 11100001010 (base 2) to base 6.
12202
What is -3134 (base 7) in base 9?
-1455
Convert -1020 (base 9) to base 2.
-1011101011
-2024 (base 9) to base 5
-21410
What is 12 (base 13) in base 6?
23
What is 142303 (base 5) in base 15?
1b6d
133300 (base 7) to base 10
25186
Convert 310243 (base 5) to base 13.
477b
Convert -136631 (base 7) to base 9.
-40165
Convert 15891 (base 11) to base 6.
251312
Convert 83 (base 14) to base 9.
137
What is -1506 (base 10) in base 7?
-4251
Convert -1252 (base 10) to base 12.
-884
Convert -384 (base 16) to base 7.
-2424
What is 470 (base 14) in base 16?
372
What is -12 (base 16) in base 14?
-14
Convert -21200220 (base 3) to base 16.
-15ed
Convert 413202 (base 7) to base 6.
1303330
-13102 (base 6) to base 12
-1192
What is 7611 (base 8) in base 11?
2a96
What is -116230 (base 7) in base 8?
-51611
4011 (base 7) to base 16
564
-16ad (base 15) to base 12
-29b4
What is -10010010111111 (base 2) in base 7?
-36266
1395 (base 16) to base 2
1001110010101
-100011100011000 (base 2) to base 11
-12746
What is -1242 (base 10) in base 14?
-64a
-600 (base 14) to base 9
-1546
-401 (base 6) to base 8
-221
What is -21173 (base 11) in base 14?
-b330
What is -13430 (base 5) in base 4?
-101123
What is 10110101 (base 2) in base 15?
c1
-111267 (base 8) to base 7
-214334
Convert 8 (base 11) to base 15.
8
Convert -110101011000010 (base 2) to base 6.
-330310
Convert 1e0 (base 15) to base 6.
2003
110233 (base 4) to base 7
3604
What is -12748 (base 10) in base 3?
-122111011
Convert 122210 (base 3) to base 10.
480
-1100110011 (base 2) to base 4
-30303
-654 (base 11) to base 6
-3345
-502 (base 6) to base 14
-d0
-1244044 (base 5) to base 4
-12011003
161510 (base 8) to base 12
29808
1211414 (base 5) to base 7
123165
Convert -4416 (base 11) to base 3.
-21222202
e54 (base 16) to base 5
104133
Convert -10110110 (base 2) to base 6.
-502
-242a6 (base 12) to base 2
-1011111010011110
What is 1230 (base 8) in base 4?
22120
-52112 (base 6) to base 5
-210311
1002200202 (base 3) to base 8
52217
-3c3 (base 15) to base 10
-858
Convert -897b (base 13) to base 15.
-5a4e
-2838 (base 12) to base 9
-6338
Convert -1384 (base 10) to base 15.
-624
Convert -16053 (base 11) to base 16.
-589d
-2c0 (base 13) to base 14
-274
What is 8671 (base 10) in base 9?
12804
What is 12578 (base 9) in base 13?
3b36
13551 (base 6) to base 10
2155
Convert 1604 (base 10) to base 3.
2012102
Convert -1e7d (base 16) to base 14.
-2bb7
-11001100 (base 2) to base 7
-411
-113202 (base 5) to base 13
-1b94
What is 3003 (base 5) in base 12?
276
12330 (base 4) to base 6
2020
1022c (base 15) to base 10
51117
What is 1137 (base 8) in base 10?
607
Convert -115 (base 10) to base 4.
-1303
What is 744 (base 8) in base 10?
484
What is b24 (base 12) in base 13?
970
Convert 1211102 (base 3) to base 6.
10102
What is -20 (base 13) in base 14?
-1c
Convert 1100101001101 (base 2) to base 4.
1211031
What is 1121111 (base 3) in base 14?
5dc
What is -100002001 (base 3) in base 6?
-50344
What is 60 (base 8) in base 12?
40
183 (base 11) to base 10
212
4124 (base 9) to base 6
21551
Convert -2738 (base 10) to base 9.
-3672
-11142 (base 6) to base 11
-1201
What is -134043 (base 5) in base 10?
-5523
What is -206 (base 10) in base 6?
-542
Convert -1610 (base 10) to base 6.
-11242
What is 1502 (base 10) in base 11?
1146
Convert 16264 (base 9) to base 7.
44344
-6121 (base 7) to base 5
-31442
Convert -497 (base 10) to base 8.
-761
What is 52005 (base 7) in base 12?
7420
Convert -1664 (base 10) to base 13.
-9b0
13023 (base 4) to base 7
1224
-11111110101011 (base 2) to base 16
-3fab
Convert -158 (base 14) to base 11.
-22a
-23313 (base 4) to base 5
-11014
Convert 1003202 (base 5) to base 7.
64541
What is 232331 (base 4) in base 16?
bbd
Convert -4101 (base 5) to base 14.
-298
Convert 2143 (base 6) to base 10.
495
What is 22010212 (base 3) in base 2?
1011100110000
Convert -6253 (base 7) to base 8.
-4222
What is 29a (base 14) in base 5?
4103
What is 50 (base 15) in base 8?
113
What is a39 (base 12) in base 7?
4221
What is 313210 (base 4) in base 11?
2743
What is -111000 (base 3) in base 7?
-1011
Convert 1b9 (base 13) to base 12.
229
What is -abc (base 16) in base 14?
-1004
Convert 668 (base 11) to base 13.
497
-927 (base 13) to base 10
-1554
Convert 1b (base 14) to base 10.
25
Convert 50d1 (base 16) to base 2.
101000011010001
What is 32334 (base 5) in base 4?
202223
-31 (base 5) to base 16
-10
2356 (base 12) to base 6
30150
Convert -27c8 (base 13) to base 8.
-13155
Convert 14655 (base 7) to base 3.
12122010
Convert 600 (base 16) to base 7.
4323
723 (base 9) to base 6
2420
-10b6 (base 15) to base 7
-13224
Convert 58734 (base 10) to base 11.
40145
What is -1436 (base 7) in base 15?
-27b
What is 1a33 (base 11) in base 8?
5021
35744 (base 9) to base 12
11a27
What is 1001010111 (base 2) in base 7?
1514
What is 5884 (base 9) in base 3?
12222211
-1482 (base 13) to base 15
-d39
What is 3277 (base 10) in base 13?
1651
-ab5 (base 12) to base 15
-702
12301 (base 4) to base 7
1156
1611 (base 11) to base 3
2211122
What is 594 (base 10) in base 11?
4a0
Convert 10011010001100 (base 2) to base 3.
111112111
Convert 1db (base 16) to base 14.
25d
Convert 24214 (base 8) to base 7.
42156
Convert 503 (base 10) to base 3.
200122
325 (base 15) to base 14
38a
-43123 (base 6) to base 8
-13373
What is -185a8 (base 11) in base 8?
-62634
Convert 13233 (base 6) to base 12.
1219
What is -9c8c (base 13) in base 4?
-11112131
Convert -4065 (base 7) to base 12.
-9a3
Convert -2040 (base 6) to base 12.
-320
-1043 (base 12) to base 7
-5121
Convert -531 (base 13) to base 15.
-3e0
What is 12012320 (base 4) in base 5?
1300031
What is -322302 (base 4) in base 8?
-7262
2164 (base 7) to base 4
30031
-12533 (base 6) to base 9
-2573
What is -426 (base 16) in base 12?
-746
What is 2a90 (base 14) in base 5?
220244
3136 (base 11) to base 10
4153
Convert -1353 (base 10) to base 16.
-549
6cb6 (base 14) to base 9
28024
Convert 7 (base 12) to base 16.
7
Convert -1230320 (base 4) to base 5.
-210333
10a80 (base 11) to base 4
3321003
What is -17a (base 15) in base 9?
-417
Convert -3062 (base 7) to base 13.
-647
-2411 (base 8) to base 12
-8b5
What is a16 (base 11) in base 2?
10011001011
What is -f016 (base 16) in base 15?
-13327
Convert -247 (base 11) to base 7.
-566
What is -1233332 (base 4) in base 15?
-21cb
Convert 131011 (base 5) to base 14.
1c27
What is 110000 (base 5) in base 16?
ea6
Convert -1690 (base 15) to base 4.
-1023330
-10011 (base 4) to base 12
-199
What is 1413 (base 7) in base 11?
45a
Convert 204 (base 5) to base 14.
3c
Convert 500b (base 13) to base 6.
122524
111 (base 5) to base 10
31
What is -2dd0 (base 16) in base 3?
-121002101
202021002 (base 3) to base 4
3212303
What is 43430 (base 6) in base 10?
5994
What is -a56 (base 11) in base 5?
-20041
Convert -20210200 (base 3) to base 11.
-37a9
What is 2343 (base 10) in base 15?
a63
-54 (base 6) to base 16
-22
What is -30033311 (base 4) in base 8?
-141765
Convert -1010 (base 9) to base 8.
-1342
-9946 (base 10) to base 6
-114014
Convert -3631 (base 9) to base 2.
-101010001101
Convert -162 (base 12) to base 7.
-431
What is 260 (base 8) in base 6?
452
What is -3220 (base 7) in base 15?
-511
-7917 (base 15) to base 10
-25672
What is 480a (base 12) in base 13?
38a1
217 (base 8) to base 2
10001111
What is -4727 (base 9) in base 11?
-26aa
207a (base 11) to base 16
abd
7b (base 13) to base 2
1100110
What is 12041 (base 5) in base 4?
32000
What is 2149 (base 11) in base 4?
230110
-87315 (base 10) to b